ppose -30*s + 22*s - 416 = 0. Let r be 0/((-1)/(-1))*s/(-156). Let g(d) = d**2 - d + 28. Calculate g(r).
28
Let c(r) = r**2 + r - 1. Suppose -4*q + 4434 = 3*m, -5*q + 4264 = 3*m - 170. Suppose -7*i - m + 1457 = 0. Give c(i).
5
Let k(l) = -5*l - 13027 + 13025 + 4*l. What is k(5)?
-7
Let q be ((-4)/12)/(3/(-45)). Let s(b) = 2*b**2 - 3*b - 2. Let a be s(-1). Let r(u) = u**2 - 2*u + 1 + a*u - 3*u - q*u. What is r(5)?
-9
Let w(f) = f**2 - 6*f + 3. Suppose -5*l + q + 1913 = 0, -l - 1923 = -6*l - 4*q. Let h = l + -381. Calculate w(h).
-5
Let d(a) be the third derivative of -a**5/60 + a**4/6 + a**3 + 241*a**2 - 2*a. Give d(8).
-26
Suppose 16 = -7*v + 2. Let f(j) = -j. Let x be f(v). Let w(b) = -20 + 2*b**2 + 19 - b**x. Give w(-1).
0
Let d(g) = g - 3*g + 3*g - 14 - 4*g. Suppose 166*f - 362 + 879 + 645 = 0. Determine d(f).
7
Let s(z) = -69*z - 412. Let a be s(-6). Suppose -2*t = -2*p - 36, p + t = -a*t - 2. Let d(n) = 3*n + 47. What is d(p)?
5
Let t(x) = x**3 + 9*x**2 + 5*x + 2. Let b be t(-7). Suppose -4*w + 5*w + b = -2*i, 4*i - w + 133 = 0. Let g = i - -31. Let a(n) = -2*n**2 + 1. Give a(g).
-7
Let i(x) = 310*x - 608*x + 300*x - 2. Let n(w) = w**2 + 11*w + 2. Let o = 0 + -11. Let g be n(o). Give i(g).
2
Let s(m) = m - 10. Let h be s(0). Let c be 6/15 + (-36)/h. Let b(d) = 2*d - 6020. Let o(a) = -6*a + 17057. Let j(v) = -17*b(v) - 6*o(v). Determine j(c).
6
Let w(r) = -r**3 + r. Suppose -21 = -5*g + 2*c, 7*g - 2*c - 1 = 6*g. Suppose 3*b + 0*b - s = -1, g = -b - 2*s. Calculate w(b).
0
Let i(w) = 8*w**3 + w**2 - w - 1. Let m be i(-1). Let k(l) = 496 + l**2 - 504 - 125*l + 129*l. Calculate k(m).
13
Let f(s) = -s**3 + 12*s**2 + 13*s - 16. Let q be f(13). Let d = q + 63. Let y = d - 44. Let w(b) = b**3 - 2*b**2 - b - 3. Calculate w(y).
3
Let f(h) = -3*h**2 - 59*h + 1312. Let g be f(-33). Let v(i) = i**3 + 9*i**2 + 3*i - 17. Give v(g).
23
Let m(s) = s - 1. Let x(l) = -4*l + 6. Let a(v) = 12*m(v) + 2*x(v). Let f be (27/((-864)/(-128)))/(-1*1). Calculate a(f).
-16
Let r(d) be the first derivative of -6*d**2 + 21*d - 7333. Give r(4).
-27
Let c(i) = -5*i + 22. Let l be (-10)/55 + (-2291)/(-319). Determine c(l).
-13
Let j(r) be the second derivative of -r**3 + 9*r**2/2 - 107*r + 10. What is j(-14)?
93
Let k be (96/64 - (-16)/(-4))/(2/12). Let j(f) = 2*f**2 + 25*f + 3. What is j(k)?
78
Let b(x) = -3*x**2 - x + 2. Suppose 7 = -24*q + 7. Suppose q = 4*a - 1365 + 1377. Determine b(a).
-22
Let n(v) be the second derivative of v**4/12 - 7*v**3/6 - v**2 + 6*v. Let d(i) = -41*i - 1263. Let h be d(-31). Determine n(h).
6
Let u(f) = 29*f - 2. Let h(c) = -44*c + 3. Let t(n) = 5*h(n) + 7*u(n). Let x(q) = -112*q - 4479. Let o be x(-40). Calculate t(o).
-16
Let b(a) = a**3 - 12*a**2 - 3*a + 46. Let k be b(12). Let h(g) = -14 + 15*g**2 - 8*g - 22*g**2 + 8*g**2. Give h(k).
6
Let j(f) = 4 - 27835*f**2 + f - 3 + 27834*f**2. Let z(h) = h + 11. Let u be z(-7). Calculate j(u).
-11
Let t = 63 - 133. Let u = -61 - t. Suppose 0 = m - 2*k - u, 5*k = 3*m + 3*k - 11. Let d(b) = b - 1. What is d(m)?
0
Let z(r) be the second derivative of r**5/20 - 4*r**4/3 - 13*r**3/6 - 31*r**2 - 1149*r. What is z(17)?
6
Suppose -p = -3*u + 2, -3 = -5*p + p + u. Let t(w) be the second derivative of -3/10*w**5 + 72*w + 0*w**4 + 0*w**2 + 0*w**3 + 0. What is t(p)?
-6
Let i(n) be the second derivative of -2*n**3 - 9*n**2 - 5207*n. Calculate i(7).
-102
Let h = -8084 + 8081. Let q(f) = -17*f - 6. Determine q(h).
45
Suppose -2*g - 4 = 0, -2 = -l + 4*l + 4*g. Suppose 4*n = l*x - 18, 15 = -8*n + 4*n + 3*x. Let u be (2 - 12)/5*(-3)/n. Let o(w) = 6*w - 1. What is o(u)?
-7
Suppose 0 = -3*t - u - 69 - 5, 4*u = 2*t + 26. Let c(l) = -10*l - 232. What is c(t)?
-2
Let m(f) be the third derivative of -f**5/40 + f**4/6 - 44*f**3 - 269*f**2. Let d(b) be the first derivative of m(b). Calculate d(7).
-17
Let h(f) = -39*f**2 + 337*f + 544. Let l be h(10). Let k(t) be the first derivative of -t**2/2 + 15*t - 1. What is k(l)?
1
Suppose 0 = -19*y - 1666 + 2027. Let f(s) = -s**3 + 18*s**2 + 22*s - 5. Calculate f(y).
52
Suppose -20 = -4*s - 4. Suppose 2*b - 18 = -4*d - 0, b = 4*d - 21. Suppose d*h = -3*a - 20, 16 = -s*h + 2*a - 6*a. Let l(k) = -k**2 - 3*k. Calculate l(h).
-4
Suppose -75 = -5*d + 4*t, 4*d - 96 = 9*t - 13*t. Suppose d = 3*u + 34. Let r(g) = -g**3 - 6*g**2 - g + 3. Give r(u).
-17
Let a(l) be the second derivative of 3*l**3 + l**2/2 + 2*l - 8. Suppose b = -3*v + 13, 2*b - 13 - 1 = -3*v. Determine a(b).
19
Let j(x) = -2*x**2 - 3*x. Let m(b) = -b**3 + 2*b**2 + 4*b - 1. Let i(s) = 5*j(s) + 3*m(s). Calculate i(-2).
11
Let b(o) be the first derivative of -o**4/4 + 3*o**3 - 2*o**2 - 34*o - 22. Let g be b(8). Let k(v) = 4*v**2 + v - 2. What is k(g)?
12
Let v(m) = -2*m**2 + 31*m + 7. Let h(x) = x**3 - 2*x**2 + 21*x - 57. Let g be h(3). What is v(g)?
22
Let x(t) be the third derivative of t**6/120 - 3*t**5/20 + 5*t**4/24 + 5*t**3/3 - 17*t**2 - 7*t - 5. Let m = 16 - 8. Give x(m).
-14
Let l(i) be the third derivative of i**6/120 + i**5/20 - i**4/8 + 16*i**2. Let y be 3/(-9)*0 + -67. Let g = y - -63. Give l(g).
-4
Let u(t) = t**2 - 2*t + 8. Let x be 2/6*0/41. What is u(x)?
8
Let w(t) = -3278*t + 818*t + 825*t + 817*t - 6*t**2 + 817*t. Let v(s) = -s**3 + 5*s**2 - 3*s - 5. Let a be 2/4*(5 - -3). Let c be v(a). Give w(c).
-5
Let y(u) be the third derivative of -u**4/24 + u**3 + 3*u**2 + 63. Calculate y(25).
-19
Let i = 32 + -8. Let h(m) = 3 + 4*m**2 + 10*m**2 - i*m**2 + 6*m + 11*m**2 + 3. What is h(-4)?
-2
Let f = 223 - 265. Let i be (-102)/(-36) - 7/f. Let p(g) be the second derivative of g**5/20 - g**4/3 + g**3/3 - g. Give p(i).
-3
Let v(g) = -g**3 - 20*g - 36*g**2 - 52*g**2 + 3 - 23*g**2 + 4 + 120*g**2. Calculate v(6).
-5
Let i(g) = -7*g**3 + 62*g**3 - g - 5*g**3 - 49*g**3. Let f = 7 + -5. Suppose -3*y = f*y. What is i(y)?
0
Let f = 1 - -4. Let r(o) be the second derivative of -o**4/12 + 2*o**3/3 + 9*o**2/2 - 2353*o + 11. Give r(f).
4
Let d(u) = -9*u - 55. Let w(c) = 4*c**3 - 17*c**2 - 8*c + 43. Let o be w(4). Give d(o).
-10
Let g be (-3 - 0/(-18))/(1*-1). Let m(f) = -f**3 + 4*f**2 + f - 2. Calculate m(g).
10
Let g(y) = -128640*y**2 + 3 + 7*y - 3 + 128637*y**2. What is g(5)?
-40
Let w(p) = p + 7. Let n(y) = -9*y - 12*y - 5 - 2 + 20*y. Let f(v) = -2*n(v) - 3*w(v). What is f(-4)?
-3
Let d = 3655 - 3681. Let h(q) = q**3 + 28*q**2 + 54*q + 48. Give h(d).
-4
Let p(b) be the third derivative of -b**4/6 - b**3 - 3*b**2 - 186*b. What is p(-2)?
2
Let q be (-4)/3 + 259/21. Suppose 0 = -n - n - 6, 5*n = x - q. Let j(a) = -a**3 - 5*a**2 + 4*a + 4. Give j(x).
-28
Let m = -3741 - -3733. Let z(u) = u**3 + 8*u**2 + 11*u + 20. Determine z(m).
-68
Let u(q) = 96*q + 1147. Let g be u(-12). Let v(s) = 4*s + 37. Calculate v(g).
17
Let b(x) = 802 - 392 - 3*x**2 - 410 + x. Suppose -3*d = -3*c - 2*c + 25, -4*c - 2 = 2*d. Suppose f - c*f = 1. Determine b(f).
-4
Let o(q) = -q**2 + q + 7. Let i be (-19)/(-1) - (-12)/(-30)*10. Suppose 18*p + i*p = 36*p. What is o(p)?
7
Let w = -24/61 + 349/732. Let h(m) be the third derivative of -15*m**2 + 0 + 0*m + 1/6*m**3 + w*m**4. Calculate h(-2).
-3
Let s(t) = -2*t**3 + 7. Let l(x) = -11*x**3 - 8*x**2 + 5*x - 6. Let g(d) = -l(d) + 5*s(d). Calculate g(-9).
5
Suppose 4*p - p - 9 = 0. Let z(y) = y**3 - 11*y**2 - 26*y + 2. Let t be z(13). Let n(i) = -3*i**3 + 2*i**3 - 6*i + 121*i**t - 114*i**2 - p. Calculate n(6).
-3
Let w = 92 + -92. Suppose w = -3*q - 12, -k - 24 = -3*k + 2*q. Let x(s) = -1 + k*s - 29*s**2 + 30*s**2 + 7. What is x(-7)?
-1
Let h(s) = s - 1. Let c be ((-15)/(-10))/((-46)/(-20) + -2). Suppose -4*v + 214 = c*g - 0*v, 5*g - 215 = -5*v. Let t be g/8 - (-12)/16. Give h(t).
5
Let p(n) = n**2 - 1. Let q(d) = d**3 - 4*d**2 + 6*d - 7. Let b be q(3). Suppose -3*z - m = -0*m + 12, 0 = 4*z - b*m + 26. What is p(z)?
24
Suppose 6*b - 51 = -3*z + 3*b, -64 = -4*z - 3*b. Suppose 23 - 10 = z*c. Let v be (5/7 - c) + (-270)/(-63). Let y(t) = -3*t + 6. Give y(v).
-6
Let f(t) be the third derivative of 1/120*t**6 + 19*t**2 + 1/6*t**4 + 0 + 1/2*t**3 + 0*t + 7/60*t**5. Let d be ((-6)/(6/(-5)))/(-1) - 1. Calculate f(d).
15
Let c(l) be the first derivative of 0*l - 1/60*l**5 - 5/2*l**2 - 1/3*l**4 - 6 - 1/6*l**3. Let s(p) be the second derivative of c(p). Give s(-4).
15
Let o(d) = d**3 + 11*d**2 - 12*d - 14. Suppose 2*w + 3*r = -5,